it of (-1)/(-2) - n/(-24)?
0
Let d = -46 - -46. What is the units digit of 105/1 + d + -2 + 3?
6
Let w = -6904 - -10692. What is the units digit of w?
8
Let t(a) = a**2 - 8*a - 6. Let b be t(8). Let m be (-820)/b - 1/(-3). Let g = m - 75. What is the tens digit of g?
6
Suppose -6*f + 5*f = -75. Suppose -2*a + w + f = 0, -177 = -a - 4*a - w. Suppose -v + 8 = -m, 0 = -5*v - 0*m + 3*m + a. What is the units digit of v?
6
Let p(t) = 1184*t + 86. What is the hundreds digit of p(1)?
2
Suppose -4*b + 0*b + 11592 = 0. What is the hundreds digit of b?
8
Let d(p) = 2*p**2 + 27*p - 40. Let t be d(-15). What is the tens digit of (-1*t)/(2/(-76)*1)?
9
Suppose 0 = -h - 2*h + 2*n + 6, 0 = 5*h + n - 10. Suppose 5 = g, -2*v + 2*g + h - 4 = 0. What is the units digit of v?
4
Let v(q) = -2*q**3 + q**2 + 2*q + 1. Suppose 0 = 3*l + 3. Let n be v(l). Suppose 0 = 4*r - 3*g - 127, 41 + n = r + 3*g. What is the tens digit of r?
3
Let f(a) = 3*a**3 + 6*a**2 - 6*a + 43. What is the thousands digit of f(8)?
1
Let x be (1/(-2)*-2)/(27/135). Suppose -x*c + 69 = -271. What is the tens digit of c?
6
Let j = 83 + -76. Suppose j*m = -206 + 1326. What is the hundreds digit of m?
1
Let n be 3 - (4 + -2 + -1). Suppose 5 = n*d + 1. Suppose -d*p + 65 = w + p, 165 = 3*w + 3*p. What is the units digit of w?
0
Suppose -505 = -2*c - 191. What is the units digit of c?
7
Let w = -60 + 32. Let v = -12 - w. Suppose -z + v = -22. What is the units digit of z?
8
Suppose w = -18*l + 13*l + 2386, 5*w = 5. What is the hundreds digit of l?
4
Let i = 2423 - 928. What is the units digit of i?
5
Suppose 0 = -a + 5*w - 2 + 9, 0 = a + 3*w + 1. Suppose -a*x = -j - 6, -3*x - 2*j + 9 = -j. What is the units digit of x?
3
Suppose 4*l - 3*v - 2*v - 305 = 0, 3 = -3*v. What is the units digit of l?
5
Let c be 2422/70 + 2/5. Let i = c + -35. Suppose i = 4*r + 11 - 127. What is the tens digit of r?
2
Let f be 24/20*30/9. Suppose 2*n = -0*n - f. What is the units digit of 3/n + 73/2?
5
Let c(k) = 7*k**2 + 11*k - 3. Let o(m) = 4*m**2 + 5*m - 1. Suppose 4*q + 12 = -0*q. Let t(l) = q*c(l) + 5*o(l). What is the tens digit of t(-6)?
1
Suppose 0 = -2*g + 9 - 1. Let f be (1 - g)*(-1)/1. Let d(j) = -j**2 + 3*j + 1. What is the units digit of d(f)?
1
Let q(s) = 10*s - 8. Let w = 75 - 72. What is the units digit of q(w)?
2
Suppose 7*z - 2206 = 342. What is the hundreds digit of z?
3
Let z = -343 + 454. What is the units digit of z?
1
Let o = 61 + -173. Let g = 164 + o. What is the tens digit of g?
5
What is the hundreds digit of 6/14 - (-18188)/28?
6
Suppose -j + 0*g - 13 = -4*g, 2*j + 3*g = 18. Suppose 2*l = -j + 7. What is the units digit of l*(2 - 3 - -4)?
6
Let t(v) = 6*v**3 - 2*v**2 + 7*v - 4. What is the units digit of t(5)?
1
Let q(r) = 94*r**2 + 8*r + 2. What is the units digit of q(-4)?
4
Let g = 482 - -1535. What is the units digit of g?
7
Let c(b) = -13*b + 10. Let x be c(-8). Suppose -8*g = -9*g + x. Suppose -2*k - 42 = -g. What is the tens digit of k?
3
Let l(v) = -4 - v + 6 - 4. Let f(w) = -w**2 + 7*w - 22. Let b be f(3). What is the units digit of l(b)?
8
Let n(l) be the second derivative of l**4/12 + l**3/2 + 9*l**2/2 - 21*l. Suppose 0 = -p - 0 - 6. What is the tens digit of n(p)?
2
Let h = -632 + 1426. What is the hundreds digit of h?
7
Suppose -2*h + 4*s + 72 = 0, 5*h + 52 = -2*s + 184. Let r = -15 + h. Let v = -9 + r. What is the units digit of v?
4
Let y be (18/4)/((-12)/(-16) - 0). Suppose 7*d + 5*r - 244 = y*d, 0 = -4*d - 5*r + 1021. What is the units digit of d?
9
Suppose 2*o - 3*z = 500, 448 + 44 = 2*o - 5*z. What is the units digit of o?
6
Suppose -4*w = -17 + 5. Suppose -f = -2*m - 2, -2 - 6 = -2*m - 4*f. Suppose m = w*z + z - 96. What is the tens digit of z?
2
Suppose 0 = x + 4*p, -68 = 5*x - 0*p + 3*p. Let l(d) = -6*d - 9. What is the tens digit of l(x)?
8
Suppose 5 = -3*l + 5*u, -1 = -5*u + 4*u. Suppose -7*p = -l*p - 413. What is the units digit of p?
9
Let y(b) = -b**3 + 10*b**2 + 12*b - 6. Let s be y(11). Suppose s*r + 6 - 146 = 0. What is the units digit of r?
8
Let v = -74 - -110. Suppose 6 = 3*r + v. Let z = 40 - r. What is the tens digit of z?
5
Let j(y) = 22*y**3 - 5*y**2 - 7*y - 2. Let m be j(-2). Let h = 306 + m. What is the units digit of h?
2
Suppose 0 = -0*w + 6*w - 36. Suppose -b + 2*y + 40 = 0, w*y - y = 2*b - 78. What is the tens digit of b?
4
Suppose -2*l - 4*i + 101 = i, -l + 88 = -5*i. Suppose 2*z - l = -7. Let f = z - 6. What is the tens digit of f?
2
Let o(c) = 6*c**2 + 2*c - 2. Let p(f) = f + 9. Let g be p(-6). Let n be o(g). Suppose -38 - n = -3*h. What is the tens digit of h?
3
Let q = 14 + -9. Suppose -f + 2*f + 3 = 0, y + 9 = -q*f. Suppose n - 48 + y = 0. What is the units digit of n?
2
Suppose 1648 = 4*k - 2216. Suppose -54 + k = 8*p. What is the units digit of p?
4
What is the tens digit of (-6316)/(-9) - 198/(-891)?
0
Suppose -2*z - 4*c + 14 = 0, 1 = 4*c - 3. Suppose -z*d - 40 = -9*d. What is the units digit of d?
0
Suppose 2*v - 4*b - 12 = 0, -3*b - 25 = 4*v - 5. What is the tens digit of -3 - v - (-3 - -6 - 167)?
6
Let a be (-14)/49 + 746/14. Let k = 139 - a. What is the tens digit of k?
8
Suppose 7 = 3*r - 2*c, -4*r + 5*c - 15 = -3*r. Suppose -182 = r*o + 2*o. What is the units digit of 1710/39 + (-4)/o?
4
Let k = 26 + -180. Let g = k - -227. What is the units digit of g?
3
What is the thousands digit of (-116110)/(-45) + ((-12)/54)/1?
2
Suppose 12520 = -99*u + 107*u. What is the hundreds digit of u?
5
What is the units digit of (-8)/10*2895*(-40)/48?
0
What is the units digit of (-2)/10 + 4031/5 + 2?
8
Let a be -6*(2 + (-95)/15). Suppose 4*y = a + 6. What is the units digit of y?
8
Let g = 44 + -36. Suppose 4*y - g - 29 = -5*z, 0 = -5*y - 4*z + 44. What is the units digit of y?
8
Let r = -9 + 11. Suppose -r*m - w - 536 = -24, -m = -w + 256. What is the tens digit of m/(-14) - (-26)/(-91)?
1
Let b(k) = 4*k**3 + 2*k**2 - 1. Let r be b(-1). Let o = r - -44. What is the tens digit of o?
4
Suppose -219 = -5*d + 761. What is the tens digit of d?
9
Let p(s) = 5 + 0*s - 3 - 4*s + 33*s**2 - 4*s. What is the units digit of p(2)?
8
Let y(d) = 3*d - 24. Let l be y(11). Let s(m) = 0 - m**3 + 2 + 5*m + 9*m**2 - 3. What is the tens digit of s(l)?
4
Let z = -1754 + 3635. What is the hundreds digit of z?
8
Let g(h) = 14*h + 58. What is the hundreds digit of g(5)?
1
Let w(p) = -p + 10. Let a = -11 - -18. Let v be w(a). Suppose -4*m - 2 = -v*s, 3*s - m = 2*m + 6. What is the units digit of s?
6
Let p(n) = 3*n - 59. What is the units digit of p(22)?
7
Suppose -4*v = -3 - 13. What is the units digit of v + (-3 - (0 + -3))?
4
Suppose -2*v + 34 = 4*r - 132, -r = 4*v - 346. What is the tens digit of v?
8
Let z = 2210 + -1230. What is the tens digit of z?
8
Let r = 73 + 123. Let k = r - 113. Let d = 152 - k. What is the units digit of d?
9
Let i(w) = 10*w**3 + w + 1. Let j be i(-1). Let x(k) = -k**3 - 10*k**2 + 10. Let m be x(j). Suppose 2*b - 36 = m. What is the units digit of b?
3
Let o(z) = 2*z**2 - 37*z - z - 3 + 39*z. Let n = -9 + 5. What is the units digit of o(n)?
5
Suppose 1101 = 2*t - 13. What is the tens digit of t?
5
Let n = 9 + -6. Suppose 4*p = n*p. Suppose 5*s - 9*s + 16 = p. What is the units digit of s?
4
What is the units digit of 224689/102 + 2/12?
3
Suppose -9*b + 174 = -8*b. What is the hundreds digit of b?
1
Suppose -5*h + 50 = 5*w, -3*h + 5*w - 13 = -59. Let k = 16 - h. What is the units digit of k?
4
Suppose 5*k + 10 = 0, j - 180*k + 176*k - 2427 = 0. What is the units digit of j?
9
Let l(c) = c - 5. Let g be l(13). Suppose -4*d = -12, -4*f + 5*d - 511 = -g*f. What is the units digit of f?
4
Let t = 19 + -17. Suppose 2*u = -4*h + 52, 3*h + 78 = t*u + 3*u. What is the tens digit of u?
1
Let p(v) = v**2 + 14*v + 10. Let c be p(-13). Let h = c - -7. Suppose 4*g - 193 = -h*x - 53, x = 5. What is the units digit of g?
0
Let f(n) = 4*n + 26. Let r be f(-9). What is the units digit of 12/r*5/(-2)?
3
Let h be 0/84 + -2 + 2 + 2. Suppose 12 = 2*j - 2*b, 4*j - 1 - 27 = 2*b. Suppose 50 = h*m + j. What is the tens digit of m?
2
Suppose 10 = -2*s + 20. Suppose 5*w - s*c = 830, 0*c + 3*c - 15 = 0. What is the tens digit of w?
7
What is the tens digit of ((-6)/15)/((-18)/1395)?
3
Let l be (-13 - -4)*(-2)/(-3). Let k = l - -6. Suppose k*t + t = 8. What is the units digit of